False
Let f = -43 - -46. Suppose 2*s = -f*h + h + 76, 3*h - 110 = -4*s. Is h/63 - (-1)/(-3)*-109 composite?
False
Is (-5 - 9861915/(-65)) + 39/169 a prime number?
True
Let z be 810/(-105)*(-17948)/6. Let n = z - 13583. Is n a prime number?
False
Let z be (-5)/(20/(-114))*-2. Let s = -45 - z. Suppose s*p = 14*p - 1178. Is p prime?
False
Let c(m) = 338*m - 81. Let v be c(11). Suppose 5*t = -v + 10442. Is t composite?
False
Let p(b) = -b**3 + 7*b**2 - 18*b + 69. Let a be p(6). Is (2994/(-9) - 7)*a a composite number?
False
Suppose 4*w + l = 8, -3*w = l - 0*l - 6. Suppose -k - w*a + 103 = -a, -4*k + 412 = 2*a. Let s = -44 + k. Is s a prime number?
True
Is (-56)/16 + 2492301/2 prime?
False
Suppose 0 = 27*v - 30*v + 6, 2*w = -4*v + 638726. Is w prime?
False
Let c(y) = -4*y**3 + 7*y**2 - 4*y + 1. Suppose 56 + 28 = -14*j. Is c(j) a prime number?
False
Let j be (-6)/(-15) + 0 - 2/5. Suppose -3*f + 2*a - 4286 + 11479 = 0, -2*f = 5*a - 4770. Suppose 4*b - f = -5*q, j = -7*b + 2*b. Is q prime?
True
Suppose 0 = 23*m - 94 - 21. Suppose 0 = -n + 3*h + 10507, m*n + 10404 = -3*h + 62867. Is n composite?
True
Let w(n) = n**3 + 10*n**2 - 29*n**2 + 18 + n + 17. Let v be w(19). Let q = v - 35. Is q a composite number?
False
Let x(z) = 2*z**3 + 192*z**2 - 267*z + 100. Is x(-91) a composite number?
True
Let l(w) = 120*w**2 - 21*w + 11. Let m be l(14). Suppose -7*x = -13142 - m. Is x prime?
True
Is 352/(-3520)*(1023378 + 2)/(-2) a composite number?
False
Suppose 3*w = z + 7, 5*w - 19*z + 20*z - 9 = 0. Is 61546*w/(-36)*-9 composite?
False
Let s = 189473 - -135200. Is s prime?
True
Let s(r) = r**3 - 4*r**2 - 4*r + 10. Let m be ((-8)/(-10))/((-57)/15 + 4). Let c be s(m). Is ((-598)/8 + c/(-24))*-4 prime?
False
Suppose 4*t + 163121 = 5*n, 0 = 9*n - 11*n + 3*t + 65240. Is n a prime number?
False
Let o(g) = 22*g**3 + 15*g**2 - 52*g + 109. Is o(20) composite?
True
Let i be (-8 - -9)/(1/2 - 0). Is 2253*((-6)/(-2) - i) a composite number?
True
Suppose 0 = -4*h + 9*h + 225. Let a be (2/(-5))/(18/h) - -2. Suppose -a*t = r - 358, 3*t + r + 3*r - 343 = 0. Is t a composite number?
True
Suppose 4*d + 2*d + 264 = 0. Let m = 44 + d. Suppose 5*z - 2660 - 495 = m. Is z composite?
False
Let z(h) = -4*h**2 + 2067*h**3 + 3*h**2 - h**2 - h**2 + 2*h. Is z(1) prime?
False
Suppose 3*l - 186525 = 4*p, 18*p - 21*p - 62170 = -l. Is l a prime number?
False
Suppose 31*b = -1201311 + 8145280. Is b prime?
True
Let i be ((12/(-18))/((-2)/48))/1. Suppose 2*g = 2*d - i, -2*d = g - 5*d + 2. Let m(a) = -86*a + 1. Is m(g) a composite number?
False
Suppose 2*j + 30915 = 80774 + 81359. Is j composite?
False
Suppose -5*k + 27346 = -26299. Let b = 16218 - k. Is b composite?
True
Let a be (2 - (-20)/(-4)) + 7. Suppose 7*x = a*x + 4230. Let j = x + -269. Is j prime?
False
Let t(q) = -q**3 - 9*q**2 - 15*q - 11. Let a be t(-8). Let r = 41 - a. Is ((-62)/r*2)/1 composite?
False
Let b(x) = 67*x**2 + 12 + 17 + 15*x - 40. Is b(7) a composite number?
True
Suppose 80*y + 41654617 = 271*y. Is y composite?
False
Let u(h) = 360*h + 357. Is u(33) composite?
True
Suppose 0 = 2*j - 3*q - 66509, -j - 10868 = -4*q - 44110. Is j prime?
False
Let z = 63052 - -198621. Is z a prime number?
True
Let f = -17355 + 135472. Is f composite?
True
Is -225 + 384017 + (-14)/2 a prime number?
False
Let i = -2994 - 16538. Let n = -11029 - i. Is n composite?
True
Let q be 8 + -9 + 6 - 0/2. Let y(b) be the third derivative of 281*b**4/24 - 4*b**3/3 + b**2. Is y(q) composite?
True
Let p(k) = 39*k + 90. Let m be p(-2). Is 2/m - (-102725)/150 a composite number?
True
Let y = 366181 + -247548. Is y a prime number?
True
Suppose 4 + 0 = y. Suppose -o = 3*p - 2 + 6, -y*p + o + 4 = 0. Suppose p = -9*h + 7*h + 1954. Is h a composite number?
False
Let n = -70 + 54. Let a be ((-7)/((6/n)/(-3)))/1. Let j = a + 153. Is j composite?
False
Let a = -9809 + 34032. Is a composite?
False
Let s(j) = 23230*j**3 + 6*j**2 - 4*j - 7. Is s(2) a composite number?
False
Let d(j) = -3*j**3 - 2*j**2 + 15*j + 29. Let n be d(-2). Suppose 74116 = -n*f + 19*f. Is f a composite number?
True
Let x = -17775 + 52456. Is x a prime number?
False
Let h(n) = n**2 + 3*n + 9. Let y be h(-5). Let q = y - 19. Suppose 0 = -q*l - l + 821. Is l composite?
False
Let n(t) = 26892*t**2 - 13*t - 32. Is n(3) a composite number?
True
Suppose -2011501 = 9*x - 49*x - 31*x. Is x a composite number?
True
Suppose 32 = -5*w - 2*l, -4*w + 2*l = w + 28. Is 11102 + ((-6)/w + 2)/(-1) composite?
True
Suppose 0 = -59*c + 54*c. Suppose -16*t - 5*t + 61551 = c. Is t composite?
True
Let u be ((-17577)/6)/((-3)/18). Let v = u + -7018. Is v prime?
True
Let h be ((-15 + 3)/(-6))/(-2). Is (0 - h) + 46*(84 + 6) prime?
False
Let t = 1149450 + -611033. Is t a prime number?
False
Let x = -197 + -3896. Let y = -1554 - x. Is y a prime number?
True
Let w(a) = 4*a**3 - 21*a**2 - 8*a + 12. Is w(13) composite?
False
Let l = -50919 + 82222. Is l prime?
False
Is 105469 + (-18 - -15) - 9 a prime number?
False
Is 6 + (860987 - (18 + -6)/3) composite?
True
Let w = -3 - -29. Suppose -w*v + 30*v - 484 = 0. Let s = v + -47. Is s a composite number?
True
Let y be (99/6)/((-7)/(-6034)) + 0. Let a = -8174 + y. Is a prime?
False
Suppose -6 + 36 = -15*n. Is (5 - (-81)/(-18))/(n/(-60292)) composite?
False
Let y be 9/4*((-272)/24 - -14). Suppose -2*u = -1 - 3. Is 19*u + (-18)/y a prime number?
False
Let a(r) = 66217*r**2 - 442*r + 442. Is a(1) a composite number?
True
Let l = 203 - 198. Suppose -6*m - 24191 = -3*q - m, 40305 = l*q - 5*m. Is q prime?
False
Suppose -2*h + 212348 = 3*q, -2*h + 212364 = q - 6*q. Is h a composite number?
True
Let z = 246503 + -160556. Is z prime?
False
Suppose -8415964 - 8476394 = -42*h. Is h a composite number?
True
Suppose v = -0 + 5, 0 = 2*k + 2*v - 2406. Let o = 387 + k. Is o a composite number?
True
Let z(o) = -o**3 + 2*o + 1. Let l be z(-2). Suppose -10*u + 1600 = -l*u. Suppose -183 = -2*w - 2*b - 17, -4*w + u = b. Is w a composite number?
False
Suppose 0 = -451*h + 422*h + 267931. Is h a composite number?
False
Is (3 - 10 - -57624) + (-12)/(-1*2) a composite number?
True
Let t(o) = -o**3 + 12*o**2 + 11*o - 3. Suppose 16*h - 13*h - 90 = 0. Suppose 5*w + 0*w - h = -5*u, 4*u = -3*w + 14. Is t(w) a prime number?
True
Suppose 4*z + 4*h + 36 = 0, 5*h = 21*z - 22*z - 13. Is z/(-44) - 198383*(-4)/44 a prime number?
False
Let p = -216 - -219. Let o(k) = 1707*k + 61. Is o(p) a prime number?
False
Let k(f) = 29*f**3 - 13*f + 39. Is k(8) prime?
True
Let a(y) be the third derivative of -37/8*y**4 + 0 + 0*y + 4*y**2 + 7/6*y**3. Is a(-4) a composite number?
True
Is 3797991/8 + (-3)/(-24) prime?
False
Is (88/48 + -2)*-8560506 a composite number?
False
Suppose -2*l - 3*s = 75, 7 + 188 = -4*l + 3*s. Let j = l + 48. Suppose 5*r - j*r = 3*b - 406, -2*b - 4*r = -260. Is b prime?
False
Suppose 3*f + 586 = 592. Suppose -10*s = -5*s + i - 40420, -5*s + f*i = -40405. Is s a composite number?
True
Let r(x) be the second derivative of -2*x + 5/2*x**2 + 7/12*x**4 - 3*x**3 + 5. Is r(12) a prime number?
True
Let m be (-57)/(-6)*(-16)/2. Let u be (0 - -287)*3/(-6)*2. Let b = m - u. Is b a prime number?
True
Let z(t) = 456*t**3 + 3*t**2 + 3*t - 2. Let u be z(2). Let o = -1545 + u. Let g = o - 468. Is g composite?
True
Suppose f - 2*i = -4*i + 42630, -3*i + 15 = 0. Suppose -162732 + f = -8*k. Suppose 4*a + 3*q + 3184 = k, -q - 5920 = -2*a. Is a prime?
False
Suppose -592*u - 424110 = -595*u. Suppose -16*a + 26*a = u. Is a a composite number?
True
Suppose 1939447 = -49*r + 6794318. Is r prime?
True
Let w(f) = -38*f + 53. Let n(x) = x**2 - 6*x - 24. Let z be n(14). Suppose -17*r = -13*r + z. Is w(r) prime?
False
Suppose -4*f + 480170 = -13*l + 11*l, -3*f = -4*l - 360135. Is f a prime number?
True
Let w = -36735 + 78438. Is w composite?
True
Let k = 3218 - -10641. Is k a composite number?
False
Suppose -2*c = 7*c + 2268. Let k be c/(-105) - 2/5. Is (-1 - 1473)/((k - 4)*1) a prime number?
False
Let t(i) = 1035*i**2 + 34*i - 54. Is t(-5) a composite number?
True
Let q be 15/(-3)*(-6)/(-10). Let a(g) = 26*g**3 + 2*g**2 + 2*g. Let b(m) = 25*m**3 + 3*m**2 + 3*m + 1. Let z(s) = q*b(s) + 4*a(s). Is z(2) a prime number?
True
Let y(d) = d**2 - 9*d - 15. Let u be (-2 - -12)*3/18*3. Suppose 0*b + 65 = u*b. Is y(b) composite?
False
Let o = 87882 + 